(x).
4
Suppose 11*v + 80 = 80 - 99. Let g(x) = 6*x - 5. Suppose -3*u = 15, j - 4 + 15 = -3*u. Let m(h) = 13*h - 8. Let i(w) = j*m(w) + v*g(w). Give i(9).
-5
Let p = 116 + -83. Let x = 166 + -193. Let c = x + p. Let f(z) = z. Calculate f(c).
6
Suppose 106 = 4*l - 102. Suppose -3*q = -5*c + 4, 4*q + 0*q = -5*c - l. Let i be ((-20)/16 + (-2)/q)*0. Let w(s) = -s**2 + 12. Calculate w(i).
12
Let a be (2 - -34) + (14 - 19). Let g(z) = -4 - 14*z + 0*z**2 - 19*z + a*z - z**2. What is g(-3)?
-7
Let k(r) be the first derivative of 1/2*r**2 - 3*r + 3. Suppose 0 = i - x + 3, 4*i - 9 = 5*i - 3*x. What is k(i)?
-3
Suppose 0 = -94*w - 10 - 272. Let q(b) = -b**2 + 8. Calculate q(w).
-1
Let h(x) be the third derivative of -x**4/24 + 2*x**3/3 - 905*x**2. Let k(z) = -z**2 + 6*z + 16. Let a be k(8). Determine h(a).
4
Let s(q) be the second derivative of 0 - 15*q - 5/3*q**3 + 4*q**2 + 1/12*q**4. Suppose -2*l + 8 = -10. Give s(l).
-1
Let t = -395 - -409. Let m be (5*t/105)/((-2)/(-18)). Let q(v) = -v**2 + 7 + 2*v + v + 3*v. What is q(m)?
7
Let d(f) = -f**3 + 2*f**2 - 2*f + 4. Suppose -4*y + 17 = -39. Let l be (-4)/y - 1149/21. Let o = 58 + l. What is d(o)?
-11
Let y(k) = 39*k + 664. Let x be y(-17). Let g(q) = -4 - 3 + 25*q + 6 - 30*q. What is g(x)?
-6
Let u(v) = -v**2 - v - 26. Suppose n + n + i + 6 = 0, 0 = -4*n + 2*i - 4. Let c be (-60)/(-15) + n + (-4)/2. Give u(c).
-26
Let h(k) = k. Suppose 26*c - 9*c - 119 = 0. Suppose 4*b = 8*b - 5*s + 19, -b - c = s. Determine h(b).
-6
Let v = 41154 + -41185. Let m(g) = g**3 + 31*g**2 - 2*g - 49. What is m(v)?
13
Let u be 2/(-9) - (6688/1008 - (-4)/28). Let y(z) = -z**3 - 9*z**2 - 12*z + 6. Determine y(u).
-8
Let m(q) be the first derivative of q**3/3 + 3*q**2/2 + 3*q + 2. Suppose 6*z - 2*z = 8. Let u be (-1 - (1 + z)) + 0. Give m(u).
7
Let p be (-192)/(-72)*3/2. Suppose 62 = 3*t + 56. Let w(y) = 622*y**2 - 621*y**2 - 3*y + t + 4*y. Calculate w(p).
22
Let s = 117 - 47. Let r(u) = -10 - s*u - u**2 + 67*u + 13. Give r(-6).
-15
Suppose 20 = 5*h, 3*d = 2*d - h + 6. Suppose -2*r = 3*r + d*m + 2, 4*r + 3*m = -3. Let b(o) = r + 7 - 2*o**2 - 5*o + o**2 + 14*o. What is b(10)?
-3
Suppose 4*i + 0*i - 2*n = 462, -4*n = -4*i + 468. Let a(b) = -240 - b**2 - 8*b + i + 121. Determine a(-6).
7
Suppose -4*c + 29 = 25. Let l(d) = -d + 4. Give l(c).
3
Let g(p) = -14*p**2 - 361*p + 54. Let r(v) = -5*v**2 - 127*v + 18. Let j(b) = -6*g(b) + 17*r(b). Give j(8).
-26
Let b be (((-3)/3)/(-1))/(-18 - (-3840)/210). Let r(m) be the first derivative of 6*m + 1/3*m**3 - 4 + b*m**2. Determine r(-7).
6
Let i(q) = -16*q**3 - 27*q + 140*q - 111*q - 19*q**2 + 15*q**3 + 39. What is i(-19)?
1
Let f(s) = 34610 - 69506 + 34438 + 76*s. Calculate f(6).
-2
Let a(l) = -22*l - 22. Let s(m) = -7*m - 7. Let g(q) = 5*a(q) - 16*s(q). Let f = -17 - 81. Let b = f - -100. What is g(b)?
6
Suppose 2*v = 6*v + 5*f, 2*v - 4*f = 26. Suppose -v = -u - 8. Let x(s) = -s + 1. What is x(u)?
4
Let x = -5259 - -5256. Let j(s) = 7*s - 2. Determine j(x).
-23
Let z(j) = 6*j**2 + 11*j - 12. Suppose -30 = -5*r - 5*x, -22*r + 23*r + 21 = 2*x. What is z(r)?
9
Let u(m) = 2*m - 53*m**2 + 392 - 393 + 2*m**3 + 24*m**2 + 24*m**2. Calculate u(2).
-1
Let x(v) = 4*v**2 - 3*v - 1. Let q(b) = -10*b**2 + 4*b + 3. Let l(r) = r**2. Let z(a) = -3*l(a) - q(a). Let y(w) = -5*x(w) + 3*z(w). What is y(-5)?
6
Let s(y) = 3*y - 13. Let k be 28 + (3 + -3 - 5). Suppose k*r - 18 = 21*r. What is s(r)?
14
Let k(l) be the third derivative of l**5/60 - l**4 - 17*l**3/6 + 1372*l**2. What is k(13)?
-160
Let y = 1445 + -1434. Let d(s) = -s**3 + 13*s**2 - 16*s - 60. Determine d(y).
6
Let u(y) = -y**3 - 9*y**2 - 8*y + 1. Suppose -8*i + 8 = -3*l - 3*i, l - 3*i = 0. Let s be (128/(-56))/(l/(-21)). Give u(s).
1
Let x(s) be the second derivative of -8*s + 6 - 7/12*s**4 + 1/2*s**2 + 0*s**3. Let v(z) = z**2 - 3*z - 3. Let n be v(4). What is x(n)?
-6
Suppose 71*z - 76*z + 25 = 0. Suppose m = -4*m + z. Let k(u) = 3*u + 2. Let b(d) = 1. Let w(a) = m*k(a) + 3*b(a). Calculate w(-5).
-10
Let q(v) = 37*v**2 - 26*v - 7. Let k(z) = -171*z**2 + 121*z + 33. Let x(b) = -8*k(b) - 37*q(b). Suppose 5*f - 1 = -21. Calculate x(f).
3
Let d be (-365)/(-2)*112/(-140). Let t = d + 145. Let s(w) = 4*w**3 - w. Calculate s(t).
-3
Let r(j) be the second derivative of j**4/12 + j**3/6 - 5*j**2 + 13*j. Let c be r(-4). Let d be c/(-3) + 208/(-48). Let w(n) = -2*n - 5. What is w(d)?
5
Let x(i) be the first derivative of i**3/3 + i**2 - 16*i - 3. Let c(z) = 344*z + 5160. Let u be c(-15). Calculate x(u).
-16
Let l(x) = -7 + 3298*x**3 - 7*x**2 - 51 + 15*x - 3297*x**3. What is l(6)?
-4
Let n be 11/(-4) - -3 - 114/(-24). Suppose 2*j - 2 - 2 = -2*i, n*j = 5*i - 20. Let h(g) = g**2 - 2. What is h(i)?
7
Let u(l) = l**3 + 2*l**2 - 6*l - 12. Let c be u(-2). Let r(z) = -z**3 - z**2 - 38. Determine r(c).
-38
Let m = -6972 + 6970. Let x(y) = 7*y**2 - 2*y + 3. What is x(m)?
35
Let a = -49704 + 49698. Let k(h) be the second derivative of -h**4/12 - h**3 - 5*h**2/2 + h. What is k(a)?
-5
Let l(g) = g**2 + 7*g + 6. Let y be 18/(-36) - -2*45/12. Suppose 12*k = y*k - 30. Determine l(k).
0
Let j(t) = 5*t**2 + 34*t - 75. Let h(w) = 38*w**2 + 272*w - 600. Let o(y) = -3*h(y) + 23*j(y). Calculate o(31).
-18
Let u(n) = n**3 + 5*n**2 - 3*n - 4. Let h(q) = -q**2 + 4*q + 38. Let w be h(-6). Let j be 4/6*(w - -13). What is u(j)?
-22
Let j(c) = -c**3 + 3*c**2 - 5*c + 5. Let h(f) = -f**3 - f**2 - f. Let k(z) = -2*h(z) + j(z). Let o = 180 + -15. Suppose 33*y + o = -33. What is k(y)?
-13
Suppose -12*w + 80 = -28*w. Let c(v) = -v**2 - 4*v - 4. Let s(n) = n**2 + 5*n + 4. Let x(j) = w*s(j) - 6*c(j). Give x(0).
4
Let r(v) be the first derivative of v**4/4 + 13*v**3/3 + 12*v**2 - 5*v + 3671. Calculate r(-11).
-27
Let n(x) be the second derivative of x**3/6 + 2*x**2 + 484*x. Let g(r) = r**2 + 6*r - 9. Let t be g(-7). Let l be t + -1 + (-5 - -2). Calculate n(l).
-2
Let z(s) = s + 16. Suppose 0 = 2*r - 4*t - 8, -4*r = -7*r - t + 26. Calculate z(r).
24
Let a(x) = x**3 + 25*x**2 - 24*x + 44. Let v be a(-26). Let k(z) = z**2 + 7*z + 9. Calculate k(v).
17
Let u(j) = 20*j**3 + 80*j**2 - 10*j + 20. Let i(l) = 19*l**3 + 74*l**2 - 9*l + 18. Let z(s) = -13*i(s) + 12*u(s). What is z(1)?
-6
Let a be 2/9 + 284/18. Let k(u) be the third derivative of -u**6/120 + 17*u**5/60 - 2*u**4/3 + 5*u**3/6 + 12422*u**2 - 1. Calculate k(a).
5
Let x(l) = 2*l**2 - 41*l - 704. Let v be x(-11). Let n(t) = -t - 10. Determine n(v).
1
Suppose -16 = v + 5*r, -4*v + v - 5*r - 18 = 0. Let s(d) = 95 - 94 + d + 0*d + 11*d**3 + 11*d**3. Calculate s(v).
-22
Let b = 36 - 52. Let i be b/104 - (-2)/13. Suppose i = 5*y + 5*o + 2 + 3, 2*y = -o - 7. Let r(t) = t**3 + 6*t**2 - 2*t - 9. Determine r(y).
3
Suppose 16 - 7 = r - 2*u, -3*r - 4*u = -37. Let h(i) = -15*i + 63. Calculate h(r).
-102
Let r(t) = -107*t**2 + 44*t + 43. Let f(g) = -139*g**2 + 59*g + 57. Let k(b) = 10*f(b) - 13*r(b). Give k(-15).
-34
Suppose 53 + 81 = 4*q + 2*t, 2*q + 3*t - 65 = 0. Let m(n) = -6 + 4*n**2 - 35*n - 4*n**2 + q*n + n**2. Suppose -7*l = 3*l - 5*l. Determine m(l).
-6
Let b(d) = d**3 + 4*d**2 - 5*d - 3. Let q = -262 - -500. Let x = q + -243. What is b(x)?
-3
Suppose -85*o + 171*o = 87*o - 19. Let m(l) = -16*l + 298. Give m(o).
-6
Let q = -54 - -57. Let x = 10 - q. Let a(s) = -x - 4*s + 2*s + 3 + 3*s. Give a(2).
-2
Let h(k) be the second derivative of 3 - 11/6*k**3 - 4*k - 1/12*k**4 - 15/2*k**2. What is h(-10)?
-5
Let y(d) be the third derivative of 0*d + 5/12*d**4 + 5/3*d**3 + 0 + 1/20*d**5 - 6*d**2. Let h be y(-3). Let z(w) = -w + 7. What is z(h)?
0
Let w = 3626 - 3624. Let b(s) be the second derivative of 0 - 11*s + s**3 - 3/2*s**w. Calculate b(2).
9
Suppose 0 = 4*h - 2*y - 32, 2*y - 22 = -h - y. Let j(m) be the third derivative of m**6/120 - 3*m**5/20 - 3*m**4/8 - 7*m**3/6 + 34*m**2 + 6*m. Calculate j(h).
3
Let m(r) be the first derivative of 2*r**3 + 51*r**2/2 + 18*r - 6382. Determine m(-8).
-6
Let c(b) = b - 1. Let k(s) be the first derivative of -s**2 + 24*s + 5. Let n be k(10). Suppose -n*l + 44 = -4*o, -3*l + 7*l - 50 = 5*o. Give c(o).
-7
Let o be ((-80)/(-30))/(2/3). Suppose 0 = w - 2*d + d - 59, o*w = -d + 231. Let v(k) = 27*k + 5*k**2 - w*k + k**2 + 28*k - 2 - k**3. Calculate v(5).
8
Let k = 152 + -150. Let b(t) = -5*t + 7*t**2 - 8*t**2 + t**k + t**2. Cal